t i(p) = -p**3 + p**2 - 297*p + 1744. What is i(6)?
-218
Let z(o) = -12*o**3 + 162*o**2 + 39*o - 49. Calculate z(13).
1472
Let v(d) = 10*d**3 - 1222*d**2 + 236*d + 975. Determine v(122).
-1
Let q(y) = 399*y**3 + 7*y**2 - 100*y - 106. Give q(-1).
-398
Let m(t) = 4575*t**2 - 80*t + 52. Give m(1).
4547
Let x(f) = f**2 - 2*f + 614. What is x(-5)?
649
Let z(h) = -265*h - 245. Calculate z(3).
-1040
Let o(x) = 17*x - 260. What is o(0)?
-260
Let r(f) = -25*f**3 - 505*f**2 - 103*f + 10. Determine r(-20).
70
Let v(t) = t**3 - 196*t**2 + 355*t + 6405. What is v(194)?
3
Let i(t) = -2*t**3 + 620*t**2 - 95*t - 161681. Determine i(309).
-74
Let s(z) = 11223*z + 232. Calculate s(0).
232
Let h(y) = -3*y**2 + 218*y + 792733. Give h(-479).
-12
Let a(q) = 23*q + 1089. Determine a(-76).
-659
Let t(s) = s**3 + 280*s**2 - 5124*s - 22291. Give t(-297).
-16
Let q(x) = 97*x**2 - 1994*x + 8480. Give q(6).
8
Let w(i) = -1205*i + 69706. Determine w(58).
-184
Let d(j) = -16*j**3 - 4*j**2 + 5*j + 481. Give d(0).
481
Let w(a) = a**3 + 6*a**2 + 165*a + 616. Give w(-4).
-12
Let f(t) = -t**3 - 238*t**2 - 3*t - 728. Calculate f(-238).
-14
Let a(u) = 70016*u + 1890439. Calculate a(-27).
7
Let p(b) = 15413*b - 5594917. Give p(363).
2
Let t(j) = 124*j**2 - 39985*j + 39984. Determine t(1).
123
Let b(p) = 135*p**2 + 3242*p + 32. Calculate b(-24).
-16
Let z(h) = -h**3 - 58*h**2 - 71*h - 752. Determine z(-58).
3366
Let w(o) = 4*o**2 + 3064*o + 33533. What is w(-11)?
313
Let j(i) = i**2 - 29268*i + 87789. Give j(3).
-6
Let q(k) = -3941*k + 10510. Determine q(2).
2628
Let h(m) = -9*m**2 - 586*m + 12. Calculate h(-65).
77
Let f(y) = y**3 + 391*y**2 - 2398*y - 6359. Give f(-397).
-7
Let x(h) = -h**2 - 1852*h - 516431. Determine x(-342).
-11
Let o(a) = -3832*a - 869856. Give o(-227).
8
Let u(z) = 48*z**2 - 3114*z + 142. Determine u(65).
532
Let w(q) = -q**2 - 2281*q + 109257. What is w(47)?
-159
Let u(x) = 377*x + 48472. Calculate u(-129).
-161
Let c(t) = t**3 + 74*t**2 + 563*t - 213. Calculate c(-9).
-15
Let c(b) = -212*b - 14499. What is c(-69)?
129
Let r(w) = 27*w**2 + 2374*w + 152. What is r(-88)?
328
Let m(h) = 9827*h - 1159582. Calculate m(118).
4
Let d(p) = -p**2 - 83*p - 719. Determine d(-11).
73
Let y(o) = -27*o**2 + 2103*o + 343. What is y(78)?
109
Let o(q) = -7605402*q - 53237820. Give o(-7).
-6
Let b(p) = 47060*p - 94112. Give b(2).
8
Let n(y) = 1419*y - 59754. Calculate n(42).
-156
Let r(c) = -7*c**3 - 3751*c**2 + 4296*c + 224. Give r(-537).
224
Let k(d) = d**3 + 52*d**2 - 87*d + 529. Calculate k(-54).
-605
Let a(q) = -59466*q + 5173533. Give a(87).
-9
Let n(j) = -4*j**3 - 4*j**2 + 3*j + 124. Calculate n(0).
124
Let n(r) = 115084*r + 1265934. Determine n(-11).
10
Let o(l) = 763*l - 55361. What is o(73)?
338
Let f(c) = -c**2 + 48*c + 1545. Give f(-43).
-2368
Let t(y) = 6*y**2 - 1299*y + 7708. Give t(6).
130
Let j(c) = -21*c**2 - 1503*c - 25913. What is j(-29)?
13
Let l(n) = -463148*n + 4168318. What is l(9)?
-14
Let a(b) = 4547*b + 522864. What is a(-115)?
-41
Let h(g) = -g**2 - 214*g + 91119. Calculate h(213).
168
Let t(z) = -5*z**3 + 39*z**2 - 135*z + 1110. Determine t(7).
361
Let t(i) = 74*i**2 + 2349*i + 8177. Determine t(-4).
-35
Let p(h) = 7*h**3 - 473*h**2 + 269*h + 74. Calculate p(67).
141
Let l(v) = v**2 + 30699*v + 276216. Determine l(-9).
6
Let p(z) = 3035*z + 21476. What is p(-7)?
231
Let l(v) = 517364*v + 7243124. Determine l(-14).
28
Let o(v) = 2*v**3 - 188*v**2 + 2897*v + 3. Give o(19).
896
Let u(v) = 44189*v + 2916445. Calculate u(-66).
-29
Let c(g) = 599*g**2 - 97038*g - 27. Calculate c(162).
-27
Let g(s) = -s**3 + 14*s**2 + 75*s + 39. Give g(18).
93
Let m(v) = 108407*v + 1734524. What is m(-16)?
12
Let t(k) = 3*k**3 + 5*k**2 + 50*k - 101. What is t(2)?
43
Let d(n) = 2099*n + 178072. What is d(-85)?
-343
Let k(v) = v**2 + 203*v + 2737. Calculate k(-14).
91
Let o(v) = 923*v + 38892. What is o(-42)?
126
Let t(c) = -c**2 + 16675*c - 116665. What is t(7)?
11
Let f(l) = -9*l**3 + 46*l**2 + 7*l - 19. Calculate f(7).
-803
Let v(d) = d**3 + 287*d**2 + 17837*d + 201. What is v(-196)?
5
Let t(u) = -5*u**2 + 1063*u + 6554. What is t(-6)?
-4
Let t(l) = 15*l**2 - 987*l + 755. Determine t(65).
-25
Let f(r) = -2*r**3 + 28*r**2 + 5*r - 47. Calculate f(9).
808
Let l(y) = -2*y**3 - 375*y**2 + 667*y + 18904. Calculate l(-189).
4
Let b(u) = -194*u + 17513. Determine b(87).
635
Let q(b) = -602*b + 983. What is q(-7)?
5197
Let f(d) = 2*d**3 - 138*d**2 + 5*d - 46. What is f(69)?
299
Let n(u) = -10086*u - 130924. Calculate n(-13).
194
Let w(b) = -631*b**2 + 167229*b - 3651. Determine w(265).
59
Let u(c) = 4*c**2 - 2064*c + 261910. Give u(291).
10
Let i(x) = -x**3 - 73*x**2 - 118*x - 14110. Calculate i(-74).
98
Let i(v) = -2222*v + 208859. Determine i(94).
-9
Let w(l) = -l**3 - 3*l**2 + 20559*l + 143810. Give w(-7).
93
Let o(s) = 554*s + 25145. Determine o(-40).
2985
Let w(k) = -k**3 - 100*k**2 + 484*k + 419. Determine w(-105).
4724
Let q(m) = 2*m**2 + 1173*m + 165227. Calculate q(-351).
-94
Let i(p) = -97476*p + 682327. Give i(7).
-5
Let l(p) = 5021*p**2 - 637669*p + 256. Determine l(127).
2
Let r(s) = s**2 + 31*s - 6762. What is r(68)?
-30
Let q(s) = -s**3 + 113*s**2 + 120*s - 608. Calculate q(114).
76
Let g(p) = 35*p - 4322. Give g(15).
-3797
Let g(n) = 5436*n - 217487. Calculate g(40).
-47
Let a(l) = 10*l**2 + 596*l + 955. What is a(-58)?
27
Let u(o) = -3*o**3 - 152*o**2 + 45*o + 12. What is u(-51)?
318
Let s(v) = 15*v**2 - 1368*v + 3170. Give s(89).
233
Let z(o) = -o**3 - 101*o**2 - 7709*o - 726672. What is z(-98)?
-2
Let a(i) = -9*i**2 + 772*i + 164. Determine a(86).
-8
Let i(l) = 5*l**3 - 9954*l**2 - 1155*l - 1664474. What is i(1991)?
2
Let p(l) = 1069*l + 17097. Give p(-16).
-7
Let u(a) = 2744*a + 14220. Give u(-5).
500
Let c(q) = -2*q**2 - 154*q - 2666. What is c(-36)?
286
Let g(b) = -2*b**2 - 413*b - 20958. Calculate g(-117).
-15
Let o(a) = 22738*a + 204734. Determine o(-9).
92
Let v(j) = 10*j**3 + 260*j**2 - 121*j - 3172. Give v(-26).
-26
Let f(x) = 17*x**3 - 4*x**2 - 325*x + 656. Give f(2).
126
Let t(z) = 2*z**3 - 44*z**2 + 3*z + 820. Determine t(21).
1
Let u(h) = -16*h**2 + 889*h - 8324. Give u(12).
40
Let i(n) = 54*n**2 - 3203*n - 61. What is i(60)?
2159
Let a(l) = l**3 - 3*l**2 - 52*l - 464. Calculate a(-8).
-752
Let v(n) = -n**3 + 29*n**2 - 265*n + 6631. Calculate v(28).
-5
Let a(i) = -15*i**2 - 13134*i + 13133. What is a(1)?
-16
Let i(u) = 1294*u + 544805. Give i(-421).
31
Let t(s) = -s**2 - 1543*s - 7775. Give t(-5).
-85
Let g(j) = -j**3 + 365*j**2 - 1397*j - 16966. Give g(361).
1
Let p(n) = n**2 - 5047*n + 195297. What is p(39)?
-15
Let z(h) = 8*h**2 + 409*h + 846. Give z(-49).
13
Let z(x) = -601*x + 30053. Determine z(48).
1205
Let z(j) = j**3 - 37*j**2 - 1300*j + 145. Calculate z(59).
27
Let j(l) = -7229*l + 37105. Determine j(5).
960
Let o(c) = -80*c**2 - 73*c + 71. Calculate o(1).
-82
Let b(t) = 24*t**3 - 4*t**2 - 9*t + 12. Calculate b(4).
1448
Let y(v) = 1631*v + 73199. Calculate y(-45).
-196
Let r(v) = v**3 - 78*v**2 + 753*v - 13218. Give r(70).
292
Let m(x) = -888498*x - 3553996. What is m(-4)?
-4
Let a(o) = -12*o**2 - 98*o - 379. Determine a(-4).
-179
Let b(j) = -818*j**2 + 117015*j - 5872. Give b(143).
-9
Let r(o) = 4*o**2 + 103*o + 626. What is r(-14)?
-32
Let g(s) = s**3 - 70*s**2 + 1228*s + 1001. Calculate g(32).
1385
Let n(r) = 2*r**3 + 164*r**2 + 194*r + 2485. Determine n(-81).
-107
Let n(t) = -4*t**2 + 15*t + 2418. Determine n(-20).
518
Let o(v) = 2*v**3 + 74*v**2 + 129*v - 397. Determine o(-35).
-12
Let r(k) = -2*k**3 - 17*k**2 - 22*k - 16. Calculate r(0).
-16
Let q(z) = -z**3 + 93*z**2 - 1001*z + 2348. Give q(81).
-1
Let y(p) = -10*p**3 - 4837*p**2 - 3289*p + 44435. What is y(-483)?
-1
Let o(c) = -89*c**3 - 254*c**2 + 407*c - 5. Give o(-4).
-1
Let z(s) = -1012*s**2 + 28340*s - 225. Determine z(28).
-113
Let i(q) = q**2 + 115*q - 3928. Calculate i(-141).
-262
Let a(m) = -8*m**3 - 47*m**2 - 156*m - 20. What is a(-3)?
241
Let s(b) = 2200*b - 22731. Give s(11).
1469
Let t(f) = -744188*f + 9674444. Calculate t(13).
0
Let f(d) = 5337*d - 336230. Calculate f(63).
1
Let g(l) = -7*l**2 - 1069*l + 2648. Calculate g(-156).
-940
Let k(s) = -2*s**3 - 20*s**2 - 15*s - 15. Give k(-11).
392
Let w(i) = -65*i - 16575. What is w(-262)?
455
Let z(j) = -6627*j + 3472